 6*c - 4. Let d(v) = 2*q(v) - 3*y(v). Suppose 2*p + p = -9. What is the remainder when d(p) is divided by 7?
5
Let s = -25 + 65. Let h be 5/((-15)/(-6)) - 0. Calculate the remainder when s is divided by (-124)/(-9) - h/(-9).
12
Let j = 6 - 3. Let s(p) = p + 11. Let q be s(-8). Calculate the remainder when (3 + q)*(-4)/(-3) is divided by j.
2
Let i = -101 + 183. Suppose s = -4*f + 42, s - 8*f - i = -4*f. Calculate the remainder when s is divided by 21.
20
Let g(h) = -h**3 - h**2 + h - 2. What is the remainder when 49 is divided by g(-3)?
10
Suppose -s + 0*s = 2. Calculate the remainder when 6 is divided by -1 + s + 1 - -6.
2
Let l(b) = b**2 - b - 1. Let m be l(3). Suppose 3*r = d - r - 7, 0 = -m*r. What is the remainder when d is divided by 4?
3
Suppose 0 = -3*x + 10 + 8. Let y = 55 - 39. Calculate the remainder when y is divided by x.
4
Let n = 13 + 2. Let p be n/4 + (-1)/(-4). Suppose x + 0*x = -2*a - 3, p*a = -20. What is the remainder when x is divided by 3?
1
Let s = 5 - -19. Suppose -5*t + 11 = -s. Calculate the remainder when t is divided by 3.
1
Suppose -4*h + 4*y + 137 + 59 = 0, y = 4*h - 190. Calculate the remainder when 91 is divided by h.
44
Let m(z) = 15*z - 1. Calculate the remainder when m(2) is divided by 10.
9
Suppose -9 = 2*g - 1. Calculate the remainder when (4 - -1)*(-32)/(-10) is divided by ((-10)/g)/(5/12).
4
Let x(s) = -s**2 - s. Let c(n) = 3*n + 1. Let u(o) = -c(o) - x(o). Suppose -2*b - b = -15. What is the remainder when u(4) is divided by b?
2
Let i be (1 - 4)/(24/16). Let l be (1 - 3/6)*i. What is the remainder when 0 + 33 - 0/l is divided by 17?
16
Suppose 0*r - 4*r - 4*w = -256, 3*w + 153 = 2*r. Calculate the remainder when r is divided by 18.
15
Let q = 15 + -5. Calculate the remainder when ((1 - -2) + -2 - 0) + 28 is divided by q.
9
Suppose 0 = 4*t + t - 10. Suppose -2*s = -4*h + 62, -h - 4*s + t*s = -13. Calculate the remainder when 36/h - 2/5 is divided by 1.
0
Let f = 79 - 69. What is the remainder when -2*(-3)/(-6)*-38 is divided by f?
8
Suppose -h + 11 = a, -6*h = a - 3*h - 15. Suppose -n - 3 = -a. Calculate the remainder when 11 is divided by n.
5
Let k = 7 + -7. Suppose k = 2*l + 3 - 9. Suppose -2*z + l*z = -4*v + 17, -4*z = 4*v - 128. Calculate the remainder when z is divided by 13.
11
Let p be 18/10 + 2/10. Suppose 3*k - 5*j = 31, -12 = p*k + 2*k + 4*j. Let u(h) = -h**2 + 8*h - 7. What is the remainder when u(6) is divided by k?
1
Let h = -13 - -18. Calculate the remainder when 8 is divided by h.
3
Suppose -z + 2*b + 40 = 0, 3*b + 4 = 7. Let u be (-1 - 0)/(-1) + -21. Let y = -9 - u. Calculate the remainder when z is divided by y.
9
What is the remainder when ((-2)/(-4))/(3/186) is divided by 16?
15
Let b be 81*(8/3 - 2). Suppose 0 = -5*v + 2*v + b. Calculate the remainder when v is divided by 10.
8
Let i(g) = -2*g - 1. Let d be i(-3). Suppose -37 = -a - q + 5, 0 = q - d. Calculate the remainder when a is divided by 13.
11
Let p = -19 - -31. Calculate the remainder when 64 is divided by (102/p)/((-1)/(-2)).
13
Suppose 3*z - k - 7 = 2*z, -3*z = 4*k + 14. What is the remainder when z/(5 - 3) - -43 is divided by 15?
14
What is the remainder when (-6)/8 - 162/(-24) is divided by 6?
0
Let u = -231 + 353. Calculate the remainder when u is divided by 31.
29
Let s(a) = a**2 + 4. Let f = 80 - -35. Suppose m = 5*r - 186, 4*m = 2*r + r - f. What is the remainder when r is divided by s(3)?
11
Let x = 3 - 0. Suppose x*b + 18 = -b + 2*d, 3*d - 23 = 5*b. Let v = b + 21. Calculate the remainder when v is divided by 6.
5
Suppose 0 = -u - s + 4, 3*u - 5*s - 36 = 0. What is the remainder when 20 is divided by u?
6
Let f = -9 + -2. Suppose -g - 2*g + 12 = 0. Calculate the remainder when (-123)/f - (-2)/(-11) is divided by g.
3
Suppose 3*o - 54 = 27. Suppose 4*l + 26 = 86. What is the remainder when o is divided by l?
12
Let u = 93 + -61. Calculate the remainder when u is divided by 11.
10
Suppose 2*r - 26 = -4*w - 0*r, 0 = 2*w + 5*r - 17. Calculate the remainder when 41 is divided by w.
5
Calculate the remainder when 1/1*(-19 - -86) is divided by 17.
16
Let m = -5 + 12. Let b(i) = 26 + i + 3*i - 33. What is the remainder when b(5) is divided by m?
6
Let n = 54 + -35. What is the remainder when 55 is divided by n?
17
What is the remainder when 177 is divided by (5 - -1) + 0 + 30?
33
Suppose 4*v = -2*r + 12, r = -0*v - 3*v + 8. What is the remainder when 2 is divided by r?
0
Let f(c) = -c + 1. Let d be f(-5). Let b = 11 + d. Calculate the remainder when 32 is divided by b.
15
Suppose -2*l + 0*l + 82 = 0. Suppose 0*u + 5*o = 4*u - 81, -95 = -5*u + 5*o. What is the remainder when l is divided by u?
13
Suppose -2*l + 0*l + 22 = 0. Let f(y) = -8 + 3*y**2 + 7*y - 10*y**2 + 6*y**2. What is the remainder when l is divided by f(4)?
3
Let v be (2/(-2) - -2) + 19. Suppose 7*s = 2*s + v, 2*n = -3*s + 20. Suppose 3*g + n = -g, 3*i - 16 = -5*g. Calculate the remainder when 13 is divided by i.
6
Let o(u) = u**3 - 5*u**2 + 6*u + 6. Let g be o(5). Let c = -26 + g. Let t(k) = k**3 - 3*k + 1. Calculate the remainder when c is divided by t(2).
1
Let s(x) = x**3 + 7*x**2 + 6*x - 7. Suppose c - 46 + 10 = 0. What is the remainder when c is divided by s(-5)?
10
Let d(y) = 3*y**2 + 2*y. Let z be 69/6*16*1. Suppose 4*s - 183 = 5*v, -4*s + 0*v = -4*v - z. Calculate the remainder when s is divided by d(2).
15
Let p = 178 - 103. What is the remainder when p is divided by 26?
23
Suppose 13*f - 572 = 9*f. Calculate the remainder when f is divided by 36.
35
Let b(y) = y**3 - 4*y**2 + 2*y - 4. What is the remainder when 7 is divided by b(4)?
3
Let i be 24/36*(-9)/2. Let d(f) = 2*f**2 - f - 4. Suppose 0*n - 12 = -2*n. What is the remainder when d(i) is divided by n?
5
Suppose -4*l + 2*r = -3*l - 27, l - r = 28. Calculate the remainder when 85 is divided by l.
27
Let s = 26 - 22. What is the remainder when 8 is divided by s?
0
Suppose -4*n + 5*n - 265 = 0. Suppose 5*z + 5*c - n = 0, -2*z + 64 + 22 = -2*c. Calculate the remainder when z is divided by 17.
14
Let p(d) = d + 4. Let c(w) = w**3 + 2*w**2 - 3*w + 2. What is the remainder when p(-2) is divided by c(-3)?
0
Let a(s) = -16*s**3 + 2*s**2 - 3*s - 2. Calculate the remainder when a(-1) is divided by 1*(-1 - 1) - -7.
4
Let p(f) = f - 7. Calculate the remainder when 17 is divided by p(13).
5
Let y = 4 - 1. Suppose 3 = z - 5*r, -2*z + 6 = y*r - r. Suppose 0 = h - 3*m - 14, -h - 4*m = -z*h + 26. Calculate the remainder when h is divided by 7.
4
Suppose 4*z - 2*p = -10, 5*z + 2*p - 4 = -30. Let s = 13 - z. Calculate the remainder when s is divided by 6.
5
Let z = 15 - -11. Suppose -3*v + z + 28 = 0. What is the remainder when 34 is divided by v?
16
Let y(d) = -8*d**2 - d**3 - d + d + 12*d + 14. What is the remainder when y(-10) is divided by 24?
22
Suppose 5*o - 20 = -0. Suppose -3*k + 24 + 9 = 5*n, -61 = -o*k - n. What is the remainder when k is divided by 6?
4
Calculate the remainder when 147 is divided by 0 + (950/5)/5.
33
Let f(b) = -b**3 - 9*b**2 - 11*b - 10. Let i(t) = -t**2 - 6*t + 3. What is the remainder when f(-8) is divided by i(-5)?
6
Suppose 5*a + 5 = 0, 24 = 3*c + 2*a - 13. What is the remainder when c is divided by 7?
6
Let o(b) = -5*b**2 + 16*b + 19. Let y(i) = 3*i**2 - 8*i - 10. Let q(s) = 4*o(s) + 7*y(s). Calculate the remainder when 23 is divided by q(-8).
5
Suppose 2*x - 4 = -x + o, -5*x + 3 = 2*o. Calculate the remainder when 5 is divided by x.
0
Let r(h) = -2*h**2 - 22*h + 7. What is the remainder when r(-11) is divided by 4/(-6) - (-16)/6?
1
Let x = 51 - -6. Let y = -40 + x. Calculate the remainder when y is divided by 6.
5
Let y = -3 + 5. Let l be (-3)/(-6) - (-60)/8. Suppose -x - 3*t + 4 = -2*x, 0 = -4*t + l. Calculate the remainder when x is divided by y.
0
Let o = 4 - -1. Calculate the remainder when 2/(-9) - (-1148)/63 is divided by o.
3
Let g = 45 - 25. What is the remainder when g is divided by 12?
8
Let s(a) = -5*a - 11. Calculate the remainder when 65 is divided by s(-9).
31
Let g(f) = 15*f**3 + f - 1. What is the remainder when 42 is divided by g(1)?
12
Let w(a) = 3*a**2 + 3*a + 32. Calculate the remainder when 89 is divided by w(0).
25
Let l = 50 + -26. What is the remainder when 95 is divided by l?
23
Let a be ((-18)/21)/((-3)/14). Suppose 5*g = a*g + 25. Calculate the rema